alse
Does 707 divide 28974166?
False
Is 608 a factor of 2702696?
False
Is 179 a factor of 223644?
False
Is 48295 a multiple of 30?
False
Does 185 divide 9213896?
False
Is 5 a factor of 3167486?
False
Is 5593 a multiple of 3?
False
Does 18 divide 232132?
False
Does 10 divide 4746720?
True
Does 109 divide 63329?
True
Does 41 divide 60918?
False
Is 137088 a multiple of 28?
True
Is 290545 a multiple of 38?
False
Is 345938 a multiple of 286?
False
Is 13 a factor of 3253482?
False
Does 271 divide 348235?
True
Does 736 divide 836832?
True
Does 189 divide 181251?
True
Is 303962 even?
True
Is 141727 a multiple of 32?
False
Is 350364 a multiple of 86?
True
Is 39 a factor of 693557?
False
Does 5 divide 933426?
False
Is 2762919 a multiple of 942?
False
Is 1744302 a multiple of 98?
True
Is 2 a factor of 92376?
True
Is 11837616 a multiple of 336?
True
Is 128 a factor of 229587?
False
Does 21 divide 33443?
False
Is 575463 a multiple of 201?
True
Does 32 divide 579844?
False
Is 106129 a multiple of 96?
False
Does 4 divide 283172?
True
Is 11 a factor of 21685032?
False
Does 147 divide 410865?
True
Is 13 a factor of 400998?
True
Is 2385474 a multiple of 39?
True
Is 1885080 a multiple of 115?
True
Does 13 divide 21312954?
True
Is 203010 a multiple of 201?
True
Is 14520 a multiple of 6?
True
Does 495 divide 175725?
True
Is 100 a factor of 3285941?
False
Is 199479 a multiple of 69?
True
Does 191 divide 44121?
True
Does 57 divide 4347561?
True
Does 101 divide 527523?
True
Does 364 divide 189330?
False
Is 11 a factor of 893046?
True
Is 20 a factor of 1308700?
True
Does 23 divide 4945?
True
Does 14 divide 37926?
True
Does 360 divide 390960?
True
Is 1220878 a multiple of 16?
False
Is 8107856 a multiple of 1348?
False
Is 2 a factor of 220353?
False
Does 30 divide 68297?
False
Is 85 a factor of 9065080?
True
Is 1152563 a multiple of 303?
False
Does 616 divide 4104400?
False
Does 127 divide 2879598?
True
Is 3642159 a multiple of 11?
False
Does 81 divide 818189?
False
Does 23 divide 6785732?
False
Is 666128 a multiple of 35?
False
Is 10 a factor of 561790?
True
Is 973920 a multiple of 15?
True
Does 131 divide 92486?
True
Is 3 a factor of 3030?
True
Does 11 divide 720632?
True
Is 536580 a multiple of 30?
True
Is 7 a factor of 1394663?
False
Is 16750023 a multiple of 2033?
False
Does 209 divide 197314?
False
Does 273 divide 150150?
True
Does 72 divide 1836525?
False
Is 80316 a multiple of 69?
True
Is 697164 a multiple of 246?
True
Does 38 divide 8247558?
True
Is 702384 a multiple of 6?
True
Does 168 divide 2846343?
False
Does 66 divide 38103?
False
Is 38 a factor of 159714?
True
Is 4734 a multiple of 9?
True
Is 26707 a multiple of 17?
True
Is 21 a factor of 726348?
True
Is 8 a factor of 3285880?
True
Is 51 a factor of 4193781?
True
Does 8 divide 344552?
True
Is 37 a factor of 190434?
False
Does 3 divide 135880?
False
Does 24 divide 1229856?
True
Is 90 a factor of 367560?
True
Is 10571 a multiple of 56?
False
Is 268353 a multiple of 22?
False
Is 12 a factor of 56909?
False
Does 74 divide 8381314?
True
Is 15 a factor of 69840?
True
Does 545 divide 6791245?
True
Does 4 divide 83848?
True
Is 801378 a multiple of 1899?
True
Is 15635994 a multiple of 22?
True
Does 3 divide 483899?
False
Does 67 divide 29145?
True
Is 1174310 a multiple of 576?
False
Is 162 a factor of 716485?
False
Does 8 divide 558224?
True
Is 38 a factor of 15940924?
True
Does 42 divide 12945?
False
Is 5008641 a multiple of 759?
True
Is 38761 a multiple of 11?
False
Does 7 divide 134120?
True
Does 104 divide 269568?
True
Does 288 divide 310018?
False
Is 1764311 a multiple of 20?
False
Is 8 a factor of 351830?
False
Does 2 divide 763601?
False
Is 251 a factor of 314834?
False
Is 4 a factor of 26744?
True
Is 30 a factor of 3774362?
False
Is 205 a factor of 81385?
True
Does 56 divide 138488?
True
Does 4 divide 812833?
False
Is 300833 a multiple of 317?
True
Is 262616 a multiple of 16?
False
Is 10 a factor of 2723440?
True
Does 142 divide 865649?
False
Is 21 a factor of 980626?
False
Is 118 a factor of 1602400?
False
Is 6 a factor of 1173666?
True
Is 35145 a multiple of 639?
True
Is 67 a factor of 17732?
False
Is 866351 a multiple of 13?
False
Is 32 a factor of 311328?
True
Does 429 divide 255684?
True
Is 126750 a multiple of 13?
True
Is 314160 a multiple of 660?
True
Does 208 divide 199898?
False
Is 24 a factor of 1960563?
False
Does 82 divide 246315?
False
Does 14 divide 4580704?
False
Is 68 a factor of 1474648?
True
Does 61 divide 363987?
True
Is 368513 a multiple of 277?
False
Is 8027192 a multiple of 259?
False
Is 217635 a multiple of 55?
True
Is 32 a factor of 32689?
False
Is 13 a factor of 443703?
True
Does 94 divide 251826?
True
Is 56 a factor of 5880302?
False
Does 975 divide 7179900?
True
Is 1023235 a multiple of 10?
False
Is 861 a factor of 390452?
False
Does 93 divide 541176?
False
Is 31 a factor of 8481848?
True
Is 54549 a multiple of 171?
True
Is 488 a factor of 9233546?
False
Is 16 a factor of 3112224?
True
Does 153 divide 1570545?
True
Is 3043695 a multiple of 113?
False
Does 15 divide 134325?
True
Is 41 a factor of 101926?
True
Is 20 a factor of 141417?
False
Does 280 divide 78400?
True
Does 95 divide 7970980?
False
Is 52 a factor of 729508?
True
Does 28 divide 799152?
False
Does 3 divide 1979691?
True
Does 10 divide 20973?
False
Is 19 a factor of 2012433?
False
Is 4657352 a multiple of 56?
True
Is 73 a factor of 1743824?
True
Does 102 divide 3546960?
False
Is 61 a factor of 91979?
False
Is 62 a factor of 1040174?
True
Does 7 divide 356501?
False
Is 113185 a multiple of 6?
False
Is 1087 a factor of 3471878?
True
Is 1444234 a multiple of 321?
False
Is 6615 a multiple of 49?
True
Is 231221 a multiple of 59?
True
Does 2 divide 54259?
False
Does 505 divide 13954160?
True
Is 15501 a multiple of 106?
False
Is 3043038 a multiple of 69?
True
Does 22 divide 75306?
True
Does 28 divide 28280?
True
Does 101 divide 67064?
True
Does 296 divide 2039562?
False
Is 199166 a multiple of 12?
False
Does 242 divide 267652?
True
Does 27 divide 42606?
True
Is 6725580 a multiple of 222?
False
Does 884 divide 16712904?
True
Is 143869 a multiple of 451?
True
Is 3773649 a multiple of 519?
True
Does 13 divide 354258?
False
Is 144540 a multiple of 110?
True
Is 94 a factor of 4494270?
False
Does 11 divide 7136239?
True
Is 9618860 a multiple of 662?
True
Does 69 divide 930960?
False
Is 17050 a multiple of 9?
False
Does 8 divide 62820?
False
Is 15 a factor of 612705?
True
Is 507 a factor of 585350?
False
Does 21 divide 1809737?
False
Is 697699 a multiple of 19?
True
Is 300635 a multiple of 6?
False
Is 1116531 a multiple of 351?
True
Does 240 divide 10740720?
True
Is 22136 a multiple of 18?
False
Is 349640 a multiple of 7?
False
Is 170005 a multiple of 5?
True
Does 15 divide 156528?
False
Is 371250 a multiple of 135?
True
Does 13 divide 3909594?
True
Is 710161 a multiple of 596?
False
Is 465103 a multiple of 17?
True
Does 996 divide 11706984?
True
Is 8 a factor of 323856?
True
Is 27 a factor of 545771?
False
Does 24 divide 1014919?
False
Is 43 a factor of 3691?
False
Does 765 divide 8514822?
False
Is 85413 a multiple of 1203?
True
Does 70 divide 1921080?
True
Does 25 divide 55438?
False
Is 47820 a multiple of 15?
True
Does 3 divide 50006?
False
Is 1161735 a multiple of 629?
False
Is 201 a factor of 3198714?
True
Is 9013489 a multiple of 227?
True
Does 16 divide 319728?
True
Does 4 divide 15180?
True
Is 150412 a multiple of 9?
False
Is 1033825 a multiple of 582?
False
Is 8888999 a multiple of 59?
True
Is 19 a factor of 103227?
True
Is 109 a factor of 257567?
True
Does 12 divide 27357588?
True
Does 18 divide 24326?
False
Does 30 divide 220732?
False
Is 276438 a multiple of 39?
False
Is 16 a factor of 6168769?
False
Is 4 a factor of 61263?
False
Is 432211 a multiple of 13?
True
Is 76050 a multiple of 45?
True
Does 164 divide 194504?
True
Is 359072 a multiple of 49?
True
Is 92 a factor of 149132?
True
Does 170 divide 204536?
False
Does 17 divide 12495204?
True
Does 318 divide 895170?
True
Does 536 divide 296944?
True
Does 186 divide 41106?
True
Is 2279876 a multiple of 39?
False
Is 30881491 a multiple of 139?
True
Is 8081639 a multiple of 30?
False
Does 14 divide 1845919?
False
Is 1811059 a multiple of 3?
False
Is 61 a factor of 27